*a**3/2 - 2*a**2 + 609*a. Give p(9).
-4
Let q(o) = o**3 - 15*o**2 + 13*o + 10. Let k be q(14). Let i(f) = -4*f + 4. What is i(k)?
20
Let h(k) = 6*k**3 + 31*k**2 + 11. Let x(n) = n**3 + 6*n**2 + 2. Let m(v) = -2*h(v) + 11*x(v). Suppose 4*g - 10*g + 24 = 0. Determine m(g).
0
Suppose u + 2*l + 15 = 2*u, 2*u - l - 21 = 0. Let q be (4 + (-55)/10)/(u/(-30)). Let x(i) = -i**3 + 6*i**2 - 5*i - 5. What is x(q)?
-5
Let q(j) be the second derivative of -j**5/20 - j**4/6 + 2*j**3/3 + 2*j**2 - 38*j. Let c = -1 + -2. Calculate q(c).
1
Let c(x) = 7*x**2 + 11*x + 47. Let s(q) = 9*q**2 + 9*q + 47. Let v(g) = 4*c(g) - 3*s(g). Determine v(-14).
5
Let k(j) = -2*j**2 + 9*j + 4*j**2 + j**3 + 0*j**3 + 3 - 5*j. Calculate k(-2).
-5
Let a(t) = -t**2 + 1. Let i(q) = -2*q**2 - 7*q + 1. Let m(p) = 3*a(p) - i(p). Suppose -10 = -2*u - 4. Suppose 3*j + u*j - 36 = 0. Determine m(j).
8
Let k(h) be the third derivative of -h**5/60 + h**4/24 + h**3/2 + 255*h**2. Give k(-2).
-3
Let z(y) = 21*y - 43*y + 2*y**2 + 21*y. Give z(2).
6
Let n(q) = q - 1. Let m be (-308)/(-33) - ((-5)/3 + 2). What is n(m)?
8
Let g(c) = -3*c**2 - 19*c - 6. Let q(r) = r**3 + 5*r**2 + 3*r - 10. Let a be q(-4). Calculate g(a).
0
Let q(z) = -2*z**3 - 3*z**2 + 4*z + 2. Let f be q(-3). Let v(o) = -2*o**2 - 5*o + 1. Let m be v(-4). Let u = f + m. Let l(a) = 2*a - 4. Calculate l(u).
8
Let o(s) be the second derivative of -s**6/120 + s**5/15 - s**4/6 + 2*s**3/3 + 3*s**2/2 - 17*s. Let d(j) be the first derivative of o(j). Give d(3).
1
Let v(s) = -s**2 + s + 2. Let y(t) = 10*t - 26. Suppose 3*c - 5*i = -0*i + 4, -3*c - i = -10. Let z be y(c). What is v(z)?
-10
Let w(n) be the third derivative of -n**8/6720 + n**7/280 + n**5/15 + 5*n**4/4 - n**2 + n. Let o(a) be the second derivative of w(a). What is o(9)?
8
Let m(s) = 0 + s + 3 + 0 - 1. Let d be 8/(-6)*2100/400. What is m(d)?
-5
Suppose c - 2*c = -3. Suppose -5*h - 5*w = 5, -c*w = 3*h - 5*w - 12. Suppose -h*o + 22 - 12 = 0. Let j(p) = -p + 3. Calculate j(o).
-2
Let x(k) be the second derivative of k**5/20 - k**4/3 - k**3/3 + 5*k**2/2 - 13*k. Suppose 0 = -2*r + 8. Calculate x(r).
-3
Let g(c) = c**3 - 6*c**2 + 2*c - 6. Let a = 15 - 11. Let h be (a/(-7))/((-6)/105). Let m = h + -4. Determine g(m).
6
Suppose g = 2*g. Let i = g - 6. Let a(n) be the third derivative of n**6/120 + 7*n**5/60 + n**4/4 - 5*n**3/6 - 4*n**2. Determine a(i).
-5
Let q(g) = 3*g**3 + 3*g - 3*g + g**2. Suppose -4*u + 52 = -4*y, 2*u = u + 2. Let h(n) = -3*n**2 - 34*n - 10. Let b be h(y). Give q(b).
4
Let b(l) = -1 - 2*l**2 + l - l**2 + l**3 - 2. Suppose m - 78 = -2*m. Suppose -m = -4*p - 14. Calculate b(p).
0
Suppose -2*i + 2 = 2*s - 4*s, 4*s + 5 = 5*i. Let o be i/((0 + 4)/20). Let j(q) = -q**2 + 7*q - 7. Calculate j(o).
3
Let j(q) = -q**3 + q + 8. Suppose -2*g - 3*g - h = -26, -2*h = 3*g - 10. Let d(c) = -c**3 + 5*c**2 + 4*c + 12. Let r be d(g). Determine j(r).
8
Let u(w) = w**2 + w - 3. Let j = 32 + -14. Suppose 11*d = -15 - j. Calculate u(d).
3
Let w(h) = -2*h - 24. Suppose 0 = -t + 2*r - 1, -4*r - 53 = -2*t + 5*t. Give w(t).
-2
Let r(a) = a**2 - 11*a + 12. Let k = -104 + 104. Suppose k = 5*u, 2*h + u - 2*u = 18. Give r(h).
-6
Let c(p) be the first derivative of p**5/60 + p**4/6 + p**3/2 + p**2/2 - 2. Let s(q) be the second derivative of c(q). Determine s(-2).
-1
Suppose -2*b = -4*p + 18, 7*b - 2*b = -4*p + 11. Suppose 9 = -4*z + 5*z. Let c(n) = z*n - p*n - n - n**2. Give c(5).
-5
Let h(u) = u**3 + 4*u**2 + u. Let r(j) = j**2 + 2*j. Let b(w) = -h(w) + 2*r(w). Give b(3).
-36
Let s = -11 + 14. Suppose -s = a - 8. Let y(j) be the second derivative of j**3/3 - 5*j**2/2 - 14*j. Calculate y(a).
5
Let u be -112 + -1 + (20 - 17). Let z = 109 + u. Let f(o) = 12*o + 1. Calculate f(z).
-11
Let k(u) = -u**2 - 6*u - 1. Let r(c) = -c. Suppose -3*o + 6 = -o. Let s(w) = -w**2 - 1. Let d be s(0). Let v(q) = d*k(q) + o*r(q). Determine v(-4).
5
Let j(z) = -5*z**2 + 3*z - 7. Let c(a) = -7*a**2 + 3*a - 7. Let m(u) = -2*c(u) + 3*j(u). Determine m(4).
-11
Let c(q) = 2*q - 19. Let w(u) = -4*u + 38. Let i(m) = 7*c(m) + 3*w(m). What is i(6)?
-7
Let n be 0/(-1 - (-6 - -2)). Let v(c) = -4*c - 8. Give v(n).
-8
Let b(x) = -x**2 + 14*x + 14. Let t(r) = 6*r**2 - 85*r - 87. Let i(v) = -13*b(v) - 2*t(v). Calculate i(13).
5
Suppose -o + 18 = 14. Let y(b) = -22*b + o + 26*b + 5*b**2 - 6*b**2. Determine y(5).
-1
Let p be 4 - (3 - (-2 - -4)). Let m = -4 + p. Let k(z) = -8*z**3 + z**2 + 2*z + 1. Determine k(m).
8
Let i(l) = l**3 - 10*l**2 + 9*l. Let j be (-2)/(-6) + (-3)/9. Let c be -3*9/(-3) - j. Let h be i(c). Let f(t) = -t**2 - t - 4. Calculate f(h).
-4
Let f be ((-2)/(-4))/(1/10). Suppose -5*y - f*n - 11 = -3*y, y - 5*n = 17. Let l = y - -2. Let c(u) = -u**3 + 4*u**2 + 5. Determine c(l).
5
Let k be 9*-1 - (19 - 23). Let z(h) = 4*h + 18. Calculate z(k).
-2
Let a be 2*(-12 - -7 - -7). Let r(k) be the first derivative of 2*k**3/3 - 5*k**2/2 - 4*k - 3. Give r(a).
8
Suppose -5*n = n + 66. Let r(o) = o**2 - 13*o - 10. Let y(m) = 4*m**2 - 40*m - 33. Let j(l) = -7*r(l) + 2*y(l). Determine j(n).
4
Let z(k) = k + 8. Let r(v) = -v - 1. Let p be r(-2). Let f(h) = -p + 3 - 1. Let l(m) = -2*f(m) + z(m). What is l(-6)?
0
Let b(k) = 3 - 7*k**2 + 0 + 8*k**2 + 4*k - 5. Suppose -w + 0 = 5. Let c be (-2 - -1)*(w - -10). Calculate b(c).
3
Let y(b) be the third derivative of 0*b + 1/3*b**3 + 0 - 1/24*b**4 - 2*b**2. Let h = -9 - -13. What is y(h)?
-2
Let h = 140 - 142. Let y(p) = 2*p. Give y(h).
-4
Let m(g) be the third derivative of g**6/40 + g**5/20 + g**4/24 - g**3/3 + 327*g**2. What is m(-2)?
-16
Let p = 951 + -945. Let o(n) be the second derivative of -n**5/20 + n**4/2 + n**3/6 - 2*n. Determine o(p).
6
Let r(w) = w**3 - w**2 + 2*w + 2. Let z be r(0). Suppose z*f - 4*h = -6, h = -f - h + 5. Let l(m) = -m**3 + 1 - 2*m**3 + m**2 - m + 0*m**2. Determine l(f).
-2
Suppose o = 5 - 2. Suppose o*c = -2*c + 65. Let l(z) = z**3 - 11*z**2 - 13*z + 11. Let r(q) = 5*q**2 + 6*q - 5. Let s(w) = c*r(w) + 6*l(w). What is s(-1)?
-6
Suppose -k = -5*k + 20. Let l(d) = 0*d**2 + 460*d**3 - 5*d + 6*d**2 - 5 - 461*d**3. Determine l(k).
-5
Let d(t) be the first derivative of -t**3/3 + 3*t**2/2 - t + 27. Determine d(5).
-11
Let n(i) be the first derivative of i**2/2 + 4*i - 9. Let b(z) = z**2 + 9*z + 12. Let j be b(-8). Suppose j*x - 4 + 28 = 0. Give n(x).
-2
Let c(v) be the first derivative of -v**2/2 + 2*v + 54. Let y(u) = -u**3 - u**2 + 5*u + 3. Let m be y(-3). Give c(m).
-4
Let a = -2352 + 2361. Let l(p) = -4*p + 30. What is l(a)?
-6
Let x be (-5)/10 + (-2)/4. Let n(g) = 19 + g**2 - 1 - 19 - g + 10*g**3. What is n(x)?
-9
Suppose 3*n - 45 = -6*n. Let o(m) = m**2 - 5*m + 4. What is o(n)?
4
Let u be 8 + 3 - (-473)/(-43). Let d(x) be the second derivative of 2*x + u - 1/2*x**4 - 5/2*x**2 + 1/3*x**3 + 1/20*x**5. Calculate d(6).
7
Let n(o) = 16*o**3 - o**2 + 4*o + 1. Let d(t) = 9*t**3 - t**2 + 2*t + 1. Let x(f) = -7*d(f) + 4*n(f). Calculate x(-3).
-9
Let m(q) be the first derivative of q**6/360 - q**5/12 - q**4/12 - 43*q**3/3 + 21. Let v(o) be the third derivative of m(o). Give v(10).
-2
Let z = 641 + -634. Let r(h) be the first derivative of -h**4/4 + 2*h**3 + 9*h**2/2 + h + 5. Give r(z).
15
Suppose -q + 5*b = 34, 3*q - 4*b - 228 = 8*q. Let j = q + 46. Let g(m) = 2*m**2 - 4*m + 2*m + 0*m**2 - 2 - m**3 + 3*m**2. Determine g(j).
6
Suppose 5*r + 3*u + 0 = -4, -12 = 4*u. Let s(q) = -2 + 3 + 4*q - 6*q + r. What is s(5)?
-8
Suppose 2*z - 35 = -o, -z + 5*o + 48 = 3. Suppose 3*g = z + 4. Let m(i) = i - 14. Calculate m(g).
-6
Let s = 39 + -35. Suppose -s*w + 5*a = 11, -5*w + 3*a + 3 = 7. Let p be 2 - (-3 + w)/(-2). Let g(t) = 7*t - 1. Give g(p).
6
Let u(k) = -26*k**3 - 5*k**2 - 7*k - 7. Let i(o) = o**3 - o**2 - o - 1. Let y(a) = -6*i(a) + u(a). What is y(-1)?
33
Suppose 0 = -3*u + u + 8. Let c(h) = h - 1 - 1 + u - 4. Suppose 7*z - 10 = 2*z, 5*s - 3*z - 14 = 0. Determine c(s).
2
Let h(z) = z**3 - 12*z**2 + 12*z. Suppose -6*y + 19*y - 143 = 0. Determine h(y).
11
Let n(v) be the first derivative of v**4/4 - 6*v**3 + 17*v**2/2 - 9*v + 355. What is n(17)?
-9
Let a(g) be the third derivative of -g**8/6720 - g**7/840 + g**6/90 + g**5/30 + g**4/6 - g**2. Let o(k) be the second derivative of a(k). Calculate o(-5).
14
Let x(r) = r**3 - 6*r**2 + 402 - 206 - 202 + r. Give x(6).
0
Let f(h) = -